(c) = 9*c - 3. Let r be d(2). Let l = 3 + r. What is the remainder when j(-1) is divided by l?
17
Suppose 4120 = 47*h - 1097. What is the remainder when 1216 is divided by h?
106
Let k(g) = 3*g**2 + 8*g + 5. Let c(y) = -1735*y + 48655. Calculate the remainder when c(28) is divided by k(-5).
35
Suppose 41 = -4*w + 105. Let n = -761 + 761. Suppose -80*q + 66*q + 1106 = n. Calculate the remainder when q is divided by w.
15
What is the remainder when 190 is divided by 9/(-81) + (-12857)/(-207)?
4
Let l(z) = -4 - z**2 + 4 + 14*z - 9. What is the remainder when 87 is divided by l(11)?
15
Let n = -28 - -57. Calculate the remainder when n is divided by ((-1685)/2359)/(1/(-7)).
4
Let m(h) = -h - 15. Let k be m(-18). Suppose 0 = -0*o - o + k*b - 1, -b = -2. What is the remainder when 28 is divided by o?
3
Let a(j) = -155*j + 174. Calculate the remainder when 1500 is divided by a(1).
18
Suppose 0 = -7*c + 8*c + 4. Calculate the remainder when ((-18)/8)/(6/(-112)) is divided by ((-2)/(-3))/(c/(-66)).
9
Calculate the remainder when 26 + -22 + 298 + 5 is divided by 109.
89
Calculate the remainder when 2 + (-2)/(-4)*-3387*2/(-3) is divided by 563.
5
Let w(d) = -d**3 - 7*d**2 - 15*d - 8. Let q be w(-6). Suppose q = 4*r + 326. Let k = r - -164. What is the remainder when k is divided by 24?
22
What is the remainder when (-9 - (2 - 12))*7635/3 is divided by 15?
10
Suppose -60590 = -142*w + 19072. Calculate the remainder when w is divided by 34.
17
Suppose 22*n - 1807 = -44*n + 13769. Calculate the remainder when 931 is divided by n.
223
Suppose -66*f + 81*f = 63*f - 125232. What is the remainder when f is divided by 90?
89
Let j(h) = h**3 + 7*h**2 + 6. Let l be j(-7). Let m be ((-1)/l*-2)/(1/(-9)). What is the remainder when (3060/(-8))/m + (-1)/2 is divided by 16?
15
Suppose 4*m - 48 = 0, 3*m + 354 - 366 = a. Suppose 3*x + i = 541, 0 = -2*i - 3 - 1. What is the remainder when x is divided by a?
13
Let z be (-1886)/8 + 12/(-48). Let o = z + 264. What is the remainder when 73 is divided by o?
17
Let f(j) = -2*j**3 - 14*j**2 + 6. Let o be f(-7). Suppose -7*q + o = -43. What is the remainder when 31 is divided by q?
3
Suppose -4*c = -4*a - 20, c - 4*a - 18 = -2*c. Calculate the remainder when 231 is divided by -4*c*4/((-32)/29).
28
Suppose -5*o + 33018 = 3*u, -2*o - 58*u + 62*u + 13202 = 0. What is the remainder when o is divided by 112?
107
Let c = 4818 - 4459. What is the remainder when c is divided by 104?
47
Let n = -6599 + 8088. What is the remainder when n is divided by 42?
19
Suppose -11*a + 3067 + 2609 = 0. Let f = a - 476. Suppose -2*o - 18 = -7*o + 4*z, 0 = 2*o - 3*z - 3. What is the remainder when f is divided by o?
4
Let r = 447 - 447. Suppose 4*h - 96 - 32 = r. Calculate the remainder when 37 is divided by h.
5
Suppose 2*u = -157*f + 152*f + 176, -128 = -3*f + 2*u. What is the remainder when 109 is divided by f?
33
Let r(x) = -127*x**3 - 2*x**2 - 17*x - 16. Let d be r(-1). What is the remainder when d + -1*0*(-1)/(-6) is divided by 48?
30
Let d = 126547 - 126527. Suppose x = 3, 0 = -4*v + x - 2*x + 859. Calculate the remainder when v is divided by d.
14
Let c = 67 - 36. Let z(w) = 60*w + 117. Let t be (-6 - 56/(-8))*0. Calculate the remainder when z(t) is divided by c.
24
Suppose 2569 = 16*c + 2089. Calculate the remainder when 2545 is divided by c.
25
Suppose j - 4 = -k - 2*j, 4*k - 67 = 5*j. Suppose -w - k = 19. Calculate the remainder when w/(-12)*(-81)/(-4) is divided by 14.
12
Calculate the remainder when -14 + (7 + 340 - 15) is divided by 109.
100
Let d(w) = 5*w - 9. Let t(j) = j**3 + 4*j**2 - 14*j - 9. Let i be t(-6). What is the remainder when 105 is divided by d(i)?
3
Suppose -2400 - 561 = -63*g. Suppose 3*h - 2 = 4. Suppose 3*r + h*r = 60. Calculate the remainder when g is divided by r.
11
Suppose 0 = 2*t - 10*v + 6*v - 202, -275 = -3*t - v. What is the remainder when t is divided by 3?
0
Suppose 5*i + 0*i - 65 = 0. Suppose -i = -0*j - j. Suppose -4*r = -r - 186. What is the remainder when r is divided by j?
10
Suppose -39 - 1 = 4*t. Let f(g) = 10*g**2 - g**3 + 10*g**2 + 6*g**2 - 15*g - 37*g**2 - 18. Calculate the remainder when 127 is divided by f(t).
31
Let j = -211 + 214. Let f = 10 + -11. Let m(c) = -2*c**3 + 2*c**2 - 1. Calculate the remainder when m(f) is divided by j.
0
Let g = 16 - -495. Suppose 3*q - 5*v - 376 = 0, 4*q - 3*v + 6*v = g. Let l = q - 56. What is the remainder when l is divided by 24?
23
Let m = 70 + -36. Suppose -96 = -3*a - 4*q, 5*a = -3*q + 195 - 46. Calculate the remainder when m is divided by a.
6
Suppose 117 + 63 = 12*d. Calculate the remainder when 36 is divided by d.
6
Let f = -8098 - -8251. What is the remainder when f is divided by 8?
1
Let h(z) = 2*z + 10. Let w be h(-3). Suppose -w*d - 163 = -503. Let r(v) = -14*v - 62. What is the remainder when d is divided by r(-6)?
19
Suppose -142*f - 360 = -147*f. Suppose -h - 2*i + 32 = 0, -3*h + i = 2*h - 127. Calculate the remainder when (-11)/((-132)/8)*f is divided by h.
22
Let j(v) = -2*v**3 + 5*v**2 - v - 53. Let u(i) = 5*i**3 - 12*i**2 + 2*i + 105. Let g(z) = -7*j(z) - 3*u(z). What is the remainder when g(0) is divided by 10?
6
Suppose -62*u - 35*u = -1940. What is the remainder when 516 is divided by u?
16
What is the remainder when 1679 is divided by (-7 - 119)/(-9)*5?
69
Suppose 10*v = -32*v + 168. Suppose -3*t - v + 37 = b, -b - 4*t = -35. Let z(y) = y**3 + 3*y**2 - 5*y + 3. What is the remainder when b is divided by z(-4)?
6
Suppose 0 = 2*r - 2*i - 158, 5*r + 3*i - 88 = 315. Calculate the remainder when (27216/3360 + (-2)/(-4))/((-6)/(-210)) is divided by r.
61
Let y = -189 - -191. Suppose 177 = y*k - z, 78 = -0*k + k - 4*z. Calculate the remainder when k is divided by 7.
6
Let j(n) = 11*n - 248. What is the remainder when 1063 is divided by j(30)?
79
Suppose 27*k = 2*z + 22*k - 2075, 3*z - k - 3080 = 0. What is the remainder when z is divided by 328?
41
Let n(r) = r**3 + 11*r**2 + 7*r - 42. Let h be n(-10). Calculate the remainder when 35 is divided by h + 9 + -2*23/(-2).
15
What is the remainder when (-10352)/(2 - 18) + 5 is divided by 96?
76
Let y = -20 + 45. Suppose 27*f - 130 = y*f. Calculate the remainder when f is divided by 18.
11
Let i(d) = 0*d**2 + 19*d - d**2 - 18 + 11. Let a(m) = m**2 + 17*m - 82. What is the remainder when i(11) is divided by a(-22)?
25
Suppose 5*c + 288 = 2*c. Let q = -237 - -289. Calculate the remainder when ((-114)/(-8))/((-9)/c) is divided by q.
48
Suppose j - 17 = -18. Calculate the remainder when 51 is divided by (-2 + j)/(6/(-52)).
25
Let f be (-1)/(-1*(-3)/12). Let i(o) = -4*o**3 + 5*o**2 - o + 7. What is the remainder when i(f) is divided by 87?
86
Let w = 719 - 301. Suppose 7*n = -w - 37. Let j = 74 + n. What is the remainder when 53 is divided by j?
8
Calculate the remainder when 140 is divided by 51 - (-756)/(-18) - (-37 - 0).
2
Suppose -41*c + 31876 + 6764 = c. Calculate the remainder when c is divided by 132.
128
Suppose 58 = 2*j + 5*d - 16, 4*d - 219 = -5*j. Suppose -j*o + 1739 = -10*o. Suppose l - 3 = 7. Calculate the remainder when o is divided by l.
7
Let x = 6692 - 6556. Calculate the remainder when 2447 is divided by x.
135
Let m = 6023 + -5561. What is the remainder when m is divided by 155?
152
Suppose -3*p - 11 = -5*x, 3*p - 3*x + 1 + 2 = 0. Suppose -y - 378 = -p*c + 2*c, 3*c + 4*y = 1134. What is the remainder when c is divided by 38?
36
Let q = 951 + 380. What is the remainder when q is divided by 12?
11
Let i be ((-90)/(-12) + -6)*4. Let w(o) = o**3 - 8*o**2 + 15*o - 8. Calculate the remainder when 49 is divided by w(i).
9
Let n(q) = 4*q**2 + 7*q. Let z be n(-5). Let f = z - 50. Let d(u) = -u**3 + 15*u**2 + 2*u - 12. Calculate the remainder when d(f) is divided by 9.
0
Calculate the remainder when 309 is divided by (-27 - (-2470)/(-20))/(((-9)/(-6))/(-3)).
8
Let d(i) = 4*i**3 - 21*i**2 - 16*i - 14. Let q(f) = -f**3 + 7*f**2 + 5*f + 4. Let c(x) = 4*d(x) + 11*q(x). Calculate the remainder when c(5) is divided by 22.
19
What is the remainder when 18 + -6620*(-15)/30 is divided by 553?
10
Let l = 185 + 516. Suppose 0 = 10*a - l - 2649. Calculate the remainder when a is divided by 20.
15
What is the remainder when (((-3744)/(-65))/9)/(2/130) is divided by 135?
11
Let l = 85 + -83. Suppose g + 606 = 4*x